 - 28. Let f be ((-2)/6)/(2/(-12)). Suppose 24 = 6*t - f*t. Calculate the greatest common divisor of t and b.
6
Let h = 126 - 61. Let o = 182 - h. Calculate the greatest common divisor of 13 and o.
13
Let v be (60/(-25))/3 + (-104)/(-5). Let k be (1 - (-3)/2)*2. What is the greatest common factor of v and k?
5
Let k = 11 - -43. Suppose -90 = -6*v + 3*v. Suppose v = 9*m - 4*m. Calculate the greatest common factor of m and k.
6
Suppose 5*u = 5*w + 135, 6*w - 2*w = 3*u - 81. Calculate the greatest common divisor of u and 27.
27
Let h = 305 + -120. Let c = -108 + h. What is the greatest common divisor of 11 and c?
11
Let b be (-2)/(4/32*-1). What is the highest common factor of b and 4?
4
Let l(o) = 8*o**3 + o**2 - o. Let c be l(1). Calculate the highest common divisor of c and 64.
8
Let x = -20 - -28. What is the greatest common factor of x and 72?
8
Let d(s) = 16*s + 5. Let n be d(4). Let o = -26 + n. Suppose 4*k - 94 = 5*c, 3*c = -5*k + 93 + o. Calculate the greatest common factor of 13 and k.
13
Suppose 7 = -w - 2. Let t = -7 - w. Let o = 6 - t. What is the greatest common divisor of o and 36?
4
Let f be -1 - (3 - (4 - 3)). Let o be (-5 - f) + 69 + -1. Let k(p) = p**3 + p**2 + 6. Let i be k(0). What is the highest common divisor of i and o?
6
Let b = -72 - -116. What is the highest common factor of b and 22?
22
Let q = 3 + 3. Suppose -q*w + 140 = -w. What is the greatest common divisor of w and 7?
7
Suppose 0 = -17*s + 9*s + 960. What is the greatest common factor of s and 80?
40
Suppose 4*s - 126 = -14. Let x be (s/35)/(4/150). Calculate the greatest common divisor of x and 10.
10
Let j(o) = -13*o + 1. Let z be j(-1). What is the greatest common divisor of 154 and z?
14
Let p(d) = -4*d - 6. Let b be p(-4). Let h be (-1 + 2)/(-3 - -4). Let t be -4 - -4 - (-71 + h). What is the highest common factor of b and t?
10
Let y(m) = 10*m - 3. Let l(t) = -t**2 + 8*t + 2. Let o be l(8). Let n be y(o). What is the greatest common divisor of 51 and n?
17
Suppose -5 = 3*y - 2*y, 3*c - 3*y = -342. Let g = -69 - c. Calculate the greatest common factor of g and 20.
10
Suppose 0 = -3*n - 43 + 307. Calculate the greatest common divisor of 22 and n.
22
Suppose r + 47 = 132. What is the greatest common divisor of 34 and r?
17
Suppose -4*i - a = -94, -2*a + a - 2 = 0. Calculate the greatest common factor of 24 and i.
24
Let o(d) = -d**3 - d**2. Let m be o(-1). Suppose w + 12 - 124 = m. Suppose 28 = k + 5*x, k + 3*k + 3*x = w. Calculate the greatest common factor of 7 and k.
7
Let v(p) = 5*p + 2. Let j(f) = f**2 - 8*f + 4. Let w be j(8). Let m be v(w). Let r be ((-6)/4)/(3/(-4)). Calculate the highest common divisor of r and m.
2
Let b(u) = u**3 + 6*u**2 - u + 1. Let r be b(-6). Calculate the greatest common divisor of 21 and r.
7
Suppose x + 0*x - 3 = -2*j, 28 = 5*x - 3*j. Let b = 0 - -1. Suppose x*u = d + 20, -b - 4 = -5*u - 2*d. What is the highest common divisor of 15 and u?
3
Let p(y) = 6*y - 18. Let d be p(6). Calculate the greatest common factor of d and 18.
18
Suppose -5*r + p + 200 = 0, 2*r - 16 = -p + 64. Let f(l) = -l**2 + 2*l - 2. Let g be f(3). Let j = g - -10. Calculate the highest common divisor of j and r.
5
Let c(h) = -h**3 + 6*h**2 - h + 3. Let o be c(5). Let q(l) = -l**3 - 6*l**2 + 4*l + 2. Let s be q(-7). Calculate the highest common divisor of s and o.
23
Let h = -8 - -27. Calculate the highest common divisor of 209 and h.
19
Let x be 0 - (-6 + -3) - -3. Suppose 0 = 4*u - u - 9. Suppose -u*w = -w - x. Calculate the highest common factor of w and 2.
2
Let h = 1633 + -911. Suppose -3*d - 485 = -4*v + 97, 0 = -5*v + d + h. Let r be 0 + -1 - (-1 - 16). Calculate the highest common divisor of r and v.
16
Suppose -2 = 4*m - f, m - 6 = 3*m - 3*f. Let c = 15 - 27. Let u = m - c. What is the highest common divisor of u and 3?
3
Suppose -z - 3 = -2*d - 0*z, -5 = -2*d - z. Let v(w) = 4*w**2 + 2*w - 3. Let n be v(d). Let h be 4/(-6) + n/3. What is the highest common divisor of h and 45?
5
Let l = -4 + 5. Let f(m) = 12*m**2 - 2 + m + 0 + 1. Let x be f(l). What is the highest common divisor of 36 and x?
12
Let c = 171 - 7. Let o(h) = -5*h**3 + h + 1. Let i be o(-1). Suppose -i*a - c = -884. What is the greatest common divisor of a and 16?
16
Let z(b) = -b**2 - 2*b + 4. Let x be z(-3). What is the greatest common factor of 9 and x?
1
Suppose 20 = 5*w - r, 2*w + 5 = -w + 4*r. What is the greatest common factor of w and 25?
5
Suppose -23 + 15 = -c. What is the highest common divisor of 24 and c?
8
Suppose -2*r + 42 = 3*u, -r + 18 = 2*u - 1. Calculate the greatest common divisor of r and 243.
27
Suppose 0 = 3*c - 4*c + 18. What is the greatest common factor of 198 and c?
18
Let l be 1 - (-6)/(-3) - -33. Let s be 5 - (-9)/3 - 4. What is the highest common factor of l and s?
4
Let j(p) = 4*p - 19. Let v be j(13). Let q be 1/(-1)*0 - -33. Calculate the highest common divisor of v and q.
33
Suppose -38 - 7 = -5*b. Let l(o) = -o**3 + 3. Let n be l(0). Calculate the highest common divisor of n and b.
3
Suppose 3*p + 0*p - 68 = g, 73 = -g - 2*p. Let i = 7 - g. Calculate the highest common divisor of 52 and i.
26
Suppose -g + 20 = 5*x, 2 = -g + x - 2. Suppose -2*s + 2 = -g*s. What is the greatest common divisor of s and 11?
1
Suppose -4*i + 10*i - 456 = 0. What is the greatest common factor of 190 and i?
38
Let m = -6 + 11. Let y = -1 + m. Suppose -d + 67 = -3*l + 5*l, -15 = 3*d. What is the greatest common factor of l and y?
4
Let a be 3 + (1 - -1)/(-2). Suppose -a*m - 1 = -71. Let y(v) = -2*v - 69. Let p be y(-37). What is the greatest common factor of m and p?
5
Suppose 2*b - 59 = -3*l, -3*l - 2 + 17 = 0. Calculate the highest common divisor of b and 2.
2
Let d be (0 - 2)*10/(-4). Suppose -6*s = -d*s - 32. Calculate the highest common divisor of s and 8.
8
Let u(p) = p**3 + p**2 + 2*p + 82. Let w be u(0). What is the highest common divisor of w and 205?
41
Suppose 4*h - 13 = -j, 3*j = -j - 2*h + 80. Calculate the greatest common factor of j and 84.
21
Suppose -2*u = 2*j - 60, 5*u - 2*j - 174 = j. Let f = u + -11. What is the greatest common divisor of f and 33?
11
Let k = 23 - 21. Calculate the highest common factor of 8 and k.
2
Let o = 20 - -6. Calculate the highest common divisor of o and 208.
26
Let k be (24/9)/(-1*2/(-108)). Calculate the highest common factor of k and 18.
18
Let m be 2/3 - (-100)/12. Let p(l) = -l**2 + 9*l + 3. Let z be p(m). Suppose -5*r = -f - 12, -f - 3 = -1. What is the greatest common divisor of z and r?
1
Suppose 0 = 5*s - 0*s + 3*p - 115, 5*s + 5*p - 105 = 0. What is the highest common divisor of 13 and s?
13
Let b be 399/28 + 1/(-4). Calculate the greatest common factor of b and 28.
14
Suppose 6*d - 5*d = 63. Calculate the highest common factor of d and 3.
3
Let o = 16 + -6. What is the greatest common divisor of 20 and o?
10
Let l(p) = 29*p + 1. Let y be l(2). Suppose 0 = -4*d - 5*q + y, 0*d + 4*q - 76 = -5*d. What is the greatest common factor of d and 8?
8
Suppose -8 = 5*h - 28. Let r(q) = 5*q**2 + 3*q - 1. Let g be r(-3). Suppose -a + g = 11. Calculate the greatest common factor of h and a.
4
Suppose 3 - 5 = h - 3*i, -i = h - 2. Let v = h + 0. What is the greatest common divisor of v and 5?
1
Let m(h) = 2 - 14*h - 5*h**2 + h**2 + 3*h**2. Let i be m(-14). Calculate the greatest common divisor of i and 6.
2
Suppose -1 = 4*j - 9. Suppose -z = j*v + z, -z = -2*v + 12. Suppose -2*h - 2*r = -7*h + 447, -v*r + 471 = 5*h. Calculate the highest common factor of 13 and h.
13
Let m(y) = -y**3 - 7*y**2 + 2. Suppose 0*x = -2*x - 14. Let t be m(x). Suppose -11*v + 10*v = -5. What is the greatest common divisor of t and v?
1
Let m(r) = r + 3. Let x be m(4). Suppose -2*u = -0*a + a - 87, -3*u + 246 = 3*a. What is the highest common factor of a and x?
7
Suppose 19*j - 180 = 14*j. What is the greatest common divisor of j and 12?
12
Let j(g) = g**2 + 13*g - 6. Let t be j(-14). Let x(w) = -7*w - 9. Let p be x(-7). What is the greatest common factor of t and p?
8
Let m be 1/(-3)*-3*19. Let o(a) = -2*a - 13. Let k be o(-9). Let i be 116 - 4/(k - 3). Calculate the greatest common factor of i and m.
19
Suppose 2*i - 68 = 4*j, -4*i - 2*j + j = -145. Let o = 188 - 182. Calculate the greatest common factor of o and i.
6
Let y be (2/1)/(1 - 3). Let i = y +